 = 217. What is the remainder when 203 is divided by l?
59
Let v = 6168 - 5941. What is the remainder when v is divided by 82?
63
Let t(d) = 4*d - 12. What is the remainder when (97*(-68)/(-6596))/((-2)/(-676)*1) is divided by t(8)?
18
Let n be (-8 + 7)/(-3 + 6 - 4). Let t = n - -6. Calculate the remainder when 216 is divided by t.
6
Let x = 12465 - 12382. What is the remainder when 121 is divided by x?
38
Let c be 6 - (95/30 + 3/(-18)). Suppose c*z + 40 = 8*z. Let g(l) = 4*l - 2. Calculate the remainder when g(z) is divided by 23.
7
Let m be (-318)/(-6)*(-6)/(-1). Let v = m + -301. What is the remainder when (-3)/(-6) - (-131)/2 is divided by v?
15
Let i(c) = 190*c + 1960. Calculate the remainder when 657 is divided by i(-10).
57
Suppose -5*n + 5 = 0, -5*v + 3*n - 86 = -9553. What is the remainder when v is divided by 20?
14
Let z = -92 - -107. Calculate the remainder when 83 is divided by z.
8
Suppose l + 26 = 2*l. Suppose -23*f + 155*f = -87*f + 2628. What is the remainder when l is divided by f?
2
Suppose w + y + 8 = 0, 5*w + 14*y = 12*y - 25. Let r(a) = -a**3 - 4*a**2 - 3. Let o be r(-4). What is the remainder when 25 is divided by w + -1 + o + 20?
12
Let n(s) = -5*s**2 - s - 1. Let d(g) = 78*g**2 + 14*g + 8. Let u(b) = 2*d(b) + 22*n(b). Calculate the remainder when u(1) is divided by 13.
7
Let m = 14797 - 14781. What is the remainder when 1275 is divided by m?
11
Suppose -247*q + 374*q = 87757. What is the remainder when q is divided by 315?
61
Suppose 3*o + 15 + 9 = 0. Suppose 3*n + n + 4*i = -84, 0 = 5*n - 4*i + 96. Calculate the remainder when (-836)/n - o/(-10) is divided by 22.
19
Let x = 793 - 635. Suppose x*q = 159*q - 205. Calculate the remainder when q is divided by 100.
5
Suppose 7*j - 117 + 47 = 0. What is the remainder when 707/15 - 64/480 is divided by j?
7
Let w(j) = -77 - 23 + 6*j - 53 - 30. What is the remainder when 129 is divided by w(31)?
0
Let h be (-1)/(2/4) - 3. Let k be h/(20/(-8)) + 3. Suppose 76 + 54 = k*v. Calculate the remainder when 102 is divided by v.
24
Let g = -3852 - -3883. Calculate the remainder when 4675 is divided by g.
25
Suppose -63*l - 4008 = -17112. Calculate the remainder when l is divided by 98.
12
Let r = 20895 + -20782. What is the remainder when 1251 is divided by r?
8
Let m(p) = 38*p - 780. What is the remainder when m(27) is divided by 85?
76
Let j be 3 + 1 - (-2938 - (0 + -3)). Suppose 5*p + 2*o = 164 + j, -o + 623 = p. Calculate the remainder when p is divided by 27.
25
Suppose -9*p = 4*b - 536, -p + 5*b + 103 - 38 = 0. Calculate the remainder when 1137 is divided by p.
57
Suppose -z + 31 = j, 2*j = 6*j - z - 124. Let l = j - 31. Suppose q = -5*k + 18 - 0, l = -3*q - 4*k + 32. What is the remainder when 54 is divided by q?
6
Let p be -2*1*(-3096)/9 - 4. Let c = p + 138. Suppose 5*z + 2*k = c, -4*z = -2*k - k - 676. What is the remainder when z is divided by 42?
40
Let f(s) = -104*s + 901. What is the remainder when 1239 is divided by f(8)?
66
Let t = 3879 + -3701. What is the remainder when t is divided by 64?
50
Let f = -5 + 21. Suppose 27456*u + 4*j + 3893 = 27461*u, 4*j = -4*u + 2992. Calculate the remainder when u is divided by f.
13
Suppose -2*z + 1 = 3*m, -3*z - m + 7 - 2 = 0. Let y(l) = 70*l - 4. Let n be y(-4). What is the remainder when z/(-4)*-3*n/(-6) is divided by 36?
35
Let z(q) = 5 - 4 - 4030*q + 455*q**3 + q**2 + 4027*q. What is the remainder when z(1) is divided by 19?
17
Let c(m) = 91*m - 40. Let w be c(6). Let o = -483 + w. Calculate the remainder when 344 is divided by o.
22
Suppose -2*s - 2*s + 12 = -2*g, 4*g - s - 4 = 0. Let z = 6 + g. Let v(r) = -r**3 - 7*r**2 - 67*r - 201. Calculate the remainder when v(-4) is divided by z.
3
Let l be 1 + 3/(-1) + (26 - 0). Suppose -l = -v - 9. Calculate the remainder when (-18)/(-5) + (-9)/v - -27 is divided by 12.
6
Suppose 0 = 2*a - 10*a + 2208. Suppose 0 = -11*h + 8*h - 5*t + a, h + t - 92 = 0. Calculate the remainder when h is divided by 38/1*3/6.
16
Let b = 5133 + -5102. What is the remainder when 863 is divided by b?
26
Let d be (-65)/2*(-128)/(-80) + -2. Let m = d - -56. Suppose -5*g - 3 = -m*g, 2*i - 15 = 3*g. What is the remainder when 8 is divided by i?
2
Let u(h) = 17*h - 4*h + 7 - 10*h. Calculate the remainder when 122 is divided by u(-1).
2
Suppose 10*w - 24 = 36. Suppose 0 = w*q + 6*q - 132. Let y = 28 + -19. Calculate the remainder when q is divided by y.
2
Let k = -8 + 20. Suppose 67*p - 63 = 2148. What is the remainder when p is divided by k?
9
Let u = 40 - 35. Suppose 0 = -5*l + u*r + 50, 0*r = 4*l - 3*r - 38. Suppose -l = 2*o - 30. Calculate the remainder when 32 is divided by o.
10
Suppose 66*f = 4131 + 2139. Calculate the remainder when f is divided by 11.
7
Suppose -4936 = -583*x + 45202. What is the remainder when 2575 is divided by x?
81
Let k(l) = -5*l + l**2 - 57*l**3 + 0*l**2 + 2*l**3 - 3 - 4*l**2. Calculate the remainder when k(-1) is divided by 8.
6
Let p be ((-13)/12*-3)/((-7)/(-28)). Let f = 66 - p. Calculate the remainder when f is divided by 19.
15
Let c(w) = -3 + 2 - 19*w - 11 - 9. What is the remainder when 61 is divided by c(-2)?
10
Let t(c) = 55*c - 408. What is the remainder when 558 is divided by t(10)?
132
Suppose 0 = 112*q - 14226 - 28334. Calculate the remainder when q is divided by 22.
6
Suppose 78 + 126 = -3*b + 4*k, -3*k + 329 = -5*b. What is the remainder when (0 + 2)*480/b*-19 is divided by 26?
25
Suppose -482 - 374 = -4*h. Let g = 224 - h. What is the remainder when g is divided by (-30)/(-7) + (-2)/7?
2
Suppose -9*r - 1978 + 2437 = 0. Calculate the remainder when 141 is divided by r.
39
Let z = -11 + 21. Let s be (-3*1 - (-11 - -7))*5. Suppose -s*k + 46 = 2*x, 0*x - 2*x - 2*k + 40 = 0. What is the remainder when x is divided by z?
8
Let d = 817 - 803. What is the remainder when 18 is divided by d?
4
Let q(t) = t**2 - 5*t**2 + 2*t**3 + t + 8*t**2 - 7 + 9*t**2. Calculate the remainder when 225 is divided by q(-6).
18
Suppose 3*y + 2*y + p + 312 = 0, -2*y + 5*p = 114. Let o = 84 + y. Calculate the remainder when o is divided by 1.
0
Let x(q) = -358*q + 1651. Calculate the remainder when x(4) is divided by 36.
3
Let c(p) = -p**2 - 10*p - 1. Let r be c(-7). Suppose 9*v - 61 = r. What is the remainder when (220/(-12))/(-2 - (-15)/v) is divided by 14?
13
Let y(r) = -r**2 + r. Let u be y(1). Suppose u = 4*w - 15 - 5. Let n = -16585 - -16590. Calculate the remainder when n is divided by w.
0
Let i(o) = -59*o + 3379. What is the remainder when 188 is divided by i(57)?
12
Let i(c) = c**2 + 5*c + 8. Let z be i(-4). Suppose -z*w = 3*u - 86, 6*w = 2*w + u + 94. Calculate the remainder when 25 is divided by w.
2
Let z be (3*-4)/2*(22 + -21). Let n(w) = -3*w**2 - 17*w + 16. What is the remainder when 29 is divided by n(z)?
9
Suppose g = 2, 2*g = 3*h - 404 - 216. What is the remainder when 3741 is divided by h?
205
Suppose 0 = 6*a - 120 - 144. Suppose 63*t - 180 = 60*t. Let o = 83 - t. Calculate the remainder when a is divided by o.
21
Suppose 19*a - 17*a - 3*t = 1001, 2528 = 5*a + t. What is the remainder when a is divided by 73?
67
Let i(q) = 84*q**3 - 2*q**2 + 1. Let f = -43 - -44. Let s(p) = 3*p**2 - 2*p + 43. Calculate the remainder when i(f) is divided by s(0).
40
Let x(h) = -31 - 45 + 12*h - 172 + 520. Calculate the remainder when 130 is divided by x(-17).
62
Let c = -289 - -293. Let q(s) = 34*s - 37. What is the remainder when q(c) is divided by 15?
9
Suppose -90 = -m - 4*m. What is the remainder when (-9 - -4 - 675/(-125)) + ((-1911)/(-35) - -6) is divided by m?
7
Let a = -21 - -26. Suppose 2*i + 4 = -0, 0 = 2*f + a*i + 70. Let j = 42 + f. What is the remainder when 70 is divided by j?
10
Let m = 349 - 8. Suppose -2*y + 3*h = -195, -2*h + 25 = 4*y - m. Let w = -36 + y. What is the remainder when w is divided by 29?
28
Let o = 6193 - 6134. What is the remainder when 943 is divided by o?
58
What is the remainder when ((-2)/10)/((-21)/31815) is divided by 17?
14
Let a = 7915 + -7905. What is the remainder when 1927 is divided by a?
7
Suppose 17*g = 26*g - 2205. Let j = 266 - g. What is the remainder when j is divided by (-2)/(-3) - 22/(-3)?
5
Suppose 4*y - 5*l = 22, 5*l = -5*y + 4*l + 13. Suppose -288 = y*z - 9*z. Let v = 67 - z. What is the remainder when 35 is divided by v?
16
Suppose -2